{"id":1027,"date":"2020-12-02T13:10:35","date_gmt":"2020-12-02T12:10:35","guid":{"rendered":"http:\/\/repensarelfutur.dival.es\/alfabet-dels-nous-temps\/lletra\/l\/"},"modified":"2021-03-24T18:01:07","modified_gmt":"2021-03-24T17:01:07","slug":"l","status":"publish","type":"letra","link":"https:\/\/repensarelfutur.dival.es\/es\/alfabet-dels-nous-temps\/lletra\/l\/","title":{"rendered":"L"},"content":{"rendered":"<h1><span class=\"fontstyle0\">Libertad \/ Lince ib\u00e9rico<\/span><\/h1>\n<p>&nbsp;<\/p>\n<p><span class=\"fontstyle3\"><strong>Libertad: <\/strong>facultad natural que tiene el ser humano de obrar de una manera o de otra, y de no obrar, por lo que es responsable de sus actos.<\/span><\/p>\n<p><span class=\"fontstyle3\"><strong>Lince:<\/strong><\/span>\u00a0felino m\u00e1s amenazado del planeta (<em>WWF<\/em>).<\/p>\n<p>&nbsp;<\/p>\n<hr \/>\n<p>&nbsp;<\/p>\n<p>Hace dos d\u00e9cadas, solo quedaban 90 ejemplares de linces ib\u00e9ricos en la pen\u00ednsula Ib\u00e9rica. Gracias a los programas de reintroducci\u00f3n de la especie, en el 2019 se han llegado a contabilizar 855 ejemplares (datos del censo elaborado por el Ministerio para la Transici\u00f3n Ecol\u00f3gica y el Reto Demogr\u00e1fico). Si se contin\u00faan los esfuerzos en 2040 podr\u00e1 ser una especie libre de peligro.<\/p>\n<p>La libertad del lince ib\u00e9rico en nuestra pen\u00ednsula se ha visto muy limitada por la p\u00e9rdida de su h\u00e1bitat natural, vi\u00e9ndose obligado a cruzar carreteras y atravesar grandes superficies poco favorables para su desarrollo y supervivencia.<\/p>\n<p>En la Declaraci\u00f3n Universal por los derechos del Animal, aprobada por la Organizaci\u00f3n de Naciones Unidas (ONU), se nos recuerda que <em>\u00ab<\/em><em>todo animal perteneciente a una especie salvaje, tiene derecho a vivir en libertad en su propio ambiente natural terrestre, a\u00e9reo o acu\u00e1tico y a reproducirse\u00bb<\/em>\u00a0(art\u00edculo 4).<\/p>\n<p>&nbsp;<\/p>\n","protected":false},"featured_media":1030,"template":"","yoast_head":"<!-- This site is optimized with the Yoast SEO plugin v20.6 - https:\/\/yoast.com\/wordpress\/plugins\/seo\/ -->\n<title>L - L&#039;alfabet dels nous temps<\/title>\n<meta name=\"description\" content=\"Lletra L. Il.lustraci\u00f3 i escriptura es barrejen realitzant una cuidada mirada a determinats termes de car\u00e1cter sostenible.\" \/>\n<meta name=\"robots\" content=\"index, follow, max-snippet:-1, max-image-preview:large, max-video-preview:-1\" \/>\n<link rel=\"canonical\" href=\"https:\/\/repensarelfutur.dival.es\/es\/alfabet-dels-nous-temps\/lletra\/l\/\" \/>\n<meta property=\"og:locale\" content=\"es_ES\" \/>\n<meta property=\"og:type\" content=\"article\" \/>\n<meta property=\"og:title\" content=\"L - L&#039;alfabet dels nous temps\" \/>\n<meta property=\"og:description\" content=\"Lletra L. Il.lustraci\u00f3 i escriptura es barrejen realitzant una cuidada mirada a determinats termes de car\u00e1cter sostenible.\" \/>\n<meta property=\"og:url\" content=\"https:\/\/repensarelfutur.dival.es\/es\/alfabet-dels-nous-temps\/lletra\/l\/\" \/>\n<meta property=\"og:site_name\" content=\"Repensar el futuro\" \/>\n<meta property=\"article:modified_time\" content=\"2021-03-24T17:01:07+00:00\" \/>\n<meta property=\"og:image\" content=\"https:\/\/repensarelfutur.dival.es\/wp-content\/uploads\/2020\/12\/l.jpg\" \/>\n\t<meta property=\"og:image:width\" content=\"600\" \/>\n\t<meta property=\"og:image:height\" content=\"780\" \/>\n\t<meta property=\"og:image:type\" content=\"image\/jpeg\" \/>\n<meta name=\"twitter:card\" content=\"summary_large_image\" \/>\n<meta name=\"twitter:label1\" content=\"Tiempo de lectura\" \/>\n\t<meta name=\"twitter:data1\" content=\"1 minuto\" \/>\n<script type=\"application\/ld+json\" class=\"yoast-schema-graph\">{\"@context\":\"https:\/\/schema.org\",\"@graph\":[{\"@type\":\"WebPage\",\"@id\":\"https:\/\/repensarelfutur.dival.es\/es\/alfabet-dels-nous-temps\/lletra\/l\/\",\"url\":\"https:\/\/repensarelfutur.dival.es\/es\/alfabet-dels-nous-temps\/lletra\/l\/\",\"name\":\"L - L'alfabet dels nous temps\",\"isPartOf\":{\"@id\":\"https:\/\/repensarelfutur.dival.es\/#website\"},\"datePublished\":\"2020-12-02T12:10:35+00:00\",\"dateModified\":\"2021-03-24T17:01:07+00:00\",\"description\":\"Lletra L. Il.lustraci\u00f3 i escriptura es barrejen realitzant una cuidada mirada a determinats termes de car\u00e1cter sostenible.\",\"breadcrumb\":{\"@id\":\"https:\/\/repensarelfutur.dival.es\/es\/alfabet-dels-nous-temps\/lletra\/l\/#breadcrumb\"},\"inLanguage\":\"es\",\"potentialAction\":[{\"@type\":\"ReadAction\",\"target\":[\"https:\/\/repensarelfutur.dival.es\/es\/alfabet-dels-nous-temps\/lletra\/l\/\"]}]},{\"@type\":\"BreadcrumbList\",\"@id\":\"https:\/\/repensarelfutur.dival.es\/es\/alfabet-dels-nous-temps\/lletra\/l\/#breadcrumb\",\"itemListElement\":[{\"@type\":\"ListItem\",\"position\":1,\"name\":\"Home\",\"item\":\"https:\/\/repensarelfutur.dival.es\/es\/\"},{\"@type\":\"ListItem\",\"position\":2,\"name\":\"L\"}]},{\"@type\":\"WebSite\",\"@id\":\"https:\/\/repensarelfutur.dival.es\/#website\",\"url\":\"https:\/\/repensarelfutur.dival.es\/\",\"name\":\"Repensar el futuro\",\"description\":\"Recursos educatius online de la Diputaci\u00f3 de Val\u00e8ncia\",\"publisher\":{\"@id\":\"https:\/\/repensarelfutur.dival.es\/#organization\"},\"potentialAction\":[{\"@type\":\"SearchAction\",\"target\":{\"@type\":\"EntryPoint\",\"urlTemplate\":\"https:\/\/repensarelfutur.dival.es\/?s={search_term_string}\"},\"query-input\":\"required name=search_term_string\"}],\"inLanguage\":\"es\"},{\"@type\":\"Organization\",\"@id\":\"https:\/\/repensarelfutur.dival.es\/#organization\",\"name\":\"Diputaci\u00f3 de Val\u00e8ncia\",\"url\":\"https:\/\/repensarelfutur.dival.es\/\",\"logo\":{\"@type\":\"ImageObject\",\"inLanguage\":\"es\",\"@id\":\"https:\/\/repensarelfutur.dival.es\/#\/schema\/logo\/image\/\",\"url\":\"https:\/\/repensarelfutur.dival.es\/wp-content\/uploads\/2021\/03\/repensar.png\",\"contentUrl\":\"https:\/\/repensarelfutur.dival.es\/wp-content\/uploads\/2021\/03\/repensar.png\",\"width\":841,\"height\":405,\"caption\":\"Diputaci\u00f3 de Val\u00e8ncia\"},\"image\":{\"@id\":\"https:\/\/repensarelfutur.dival.es\/#\/schema\/logo\/image\/\"}}]}<\/script>\n<!-- \/ Yoast SEO plugin. -->","yoast_head_json":{"title":"L - L'alfabet dels nous temps","description":"Lletra L. Il.lustraci\u00f3 i escriptura es barrejen realitzant una cuidada mirada a determinats termes de car\u00e1cter sostenible.","robots":{"index":"index","follow":"follow","max-snippet":"max-snippet:-1","max-image-preview":"max-image-preview:large","max-video-preview":"max-video-preview:-1"},"canonical":"https:\/\/repensarelfutur.dival.es\/es\/alfabet-dels-nous-temps\/lletra\/l\/","og_locale":"es_ES","og_type":"article","og_title":"L - L'alfabet dels nous temps","og_description":"Lletra L. Il.lustraci\u00f3 i escriptura es barrejen realitzant una cuidada mirada a determinats termes de car\u00e1cter sostenible.","og_url":"https:\/\/repensarelfutur.dival.es\/es\/alfabet-dels-nous-temps\/lletra\/l\/","og_site_name":"Repensar el futuro","article_modified_time":"2021-03-24T17:01:07+00:00","og_image":[{"width":600,"height":780,"url":"https:\/\/repensarelfutur.dival.es\/wp-content\/uploads\/2020\/12\/l.jpg","type":"image\/jpeg"}],"twitter_card":"summary_large_image","twitter_misc":{"Tiempo de lectura":"1 minuto"},"schema":{"@context":"https:\/\/schema.org","@graph":[{"@type":"WebPage","@id":"https:\/\/repensarelfutur.dival.es\/es\/alfabet-dels-nous-temps\/lletra\/l\/","url":"https:\/\/repensarelfutur.dival.es\/es\/alfabet-dels-nous-temps\/lletra\/l\/","name":"L - L'alfabet dels nous temps","isPartOf":{"@id":"https:\/\/repensarelfutur.dival.es\/#website"},"datePublished":"2020-12-02T12:10:35+00:00","dateModified":"2021-03-24T17:01:07+00:00","description":"Lletra L. Il.lustraci\u00f3 i escriptura es barrejen realitzant una cuidada mirada a determinats termes de car\u00e1cter sostenible.","breadcrumb":{"@id":"https:\/\/repensarelfutur.dival.es\/es\/alfabet-dels-nous-temps\/lletra\/l\/#breadcrumb"},"inLanguage":"es","potentialAction":[{"@type":"ReadAction","target":["https:\/\/repensarelfutur.dival.es\/es\/alfabet-dels-nous-temps\/lletra\/l\/"]}]},{"@type":"BreadcrumbList","@id":"https:\/\/repensarelfutur.dival.es\/es\/alfabet-dels-nous-temps\/lletra\/l\/#breadcrumb","itemListElement":[{"@type":"ListItem","position":1,"name":"Home","item":"https:\/\/repensarelfutur.dival.es\/es\/"},{"@type":"ListItem","position":2,"name":"L"}]},{"@type":"WebSite","@id":"https:\/\/repensarelfutur.dival.es\/#website","url":"https:\/\/repensarelfutur.dival.es\/","name":"Repensar el futuro","description":"Recursos educatius online de la Diputaci\u00f3 de Val\u00e8ncia","publisher":{"@id":"https:\/\/repensarelfutur.dival.es\/#organization"},"potentialAction":[{"@type":"SearchAction","target":{"@type":"EntryPoint","urlTemplate":"https:\/\/repensarelfutur.dival.es\/?s={search_term_string}"},"query-input":"required name=search_term_string"}],"inLanguage":"es"},{"@type":"Organization","@id":"https:\/\/repensarelfutur.dival.es\/#organization","name":"Diputaci\u00f3 de Val\u00e8ncia","url":"https:\/\/repensarelfutur.dival.es\/","logo":{"@type":"ImageObject","inLanguage":"es","@id":"https:\/\/repensarelfutur.dival.es\/#\/schema\/logo\/image\/","url":"https:\/\/repensarelfutur.dival.es\/wp-content\/uploads\/2021\/03\/repensar.png","contentUrl":"https:\/\/repensarelfutur.dival.es\/wp-content\/uploads\/2021\/03\/repensar.png","width":841,"height":405,"caption":"Diputaci\u00f3 de Val\u00e8ncia"},"image":{"@id":"https:\/\/repensarelfutur.dival.es\/#\/schema\/logo\/image\/"}}]}},"_links":{"self":[{"href":"https:\/\/repensarelfutur.dival.es\/es\/wp-json\/wp\/v2\/letra\/1027"}],"collection":[{"href":"https:\/\/repensarelfutur.dival.es\/es\/wp-json\/wp\/v2\/letra"}],"about":[{"href":"https:\/\/repensarelfutur.dival.es\/es\/wp-json\/wp\/v2\/types\/letra"}],"wp:featuredmedia":[{"embeddable":true,"href":"https:\/\/repensarelfutur.dival.es\/es\/wp-json\/wp\/v2\/media\/1030"}],"wp:attachment":[{"href":"https:\/\/repensarelfutur.dival.es\/es\/wp-json\/wp\/v2\/media?parent=1027"}],"curies":[{"name":"wp","href":"https:\/\/api.w.org\/{rel}","templated":true}]}}

<h1><span class="fontstyle0">Libertad / Lince ibérico</span></h1>
<p>&nbsp;</p>
<p><span class="fontstyle3"><strong>Libertad: </strong>facultad natural que tiene el ser humano de obrar de una manera o de otra, y de no obrar, por lo que es responsable de sus actos.</span></p>
<p><span class="fontstyle3"><strong>Lince:</strong></span> felino más amenazado del planeta (<em>WWF</em>).</p>
<p>&nbsp;</p>
<hr />
<p>&nbsp;</p>
<p>Hace dos décadas, solo quedaban 90 ejemplares de linces ibéricos en la península Ibérica. Gracias a los programas de reintroducción de la especie, en el 2019 se han llegado a contabilizar 855 ejemplares (datos del censo elaborado por el Ministerio para la Transición Ecológica y el Reto Demográfico). Si se continúan los esfuerzos en 2040 podrá ser una especie libre de peligro.</p>
<p>La libertad del lince ibérico en nuestra península se ha visto muy limitada por la pérdida de su hábitat natural, viéndose obligado a cruzar carreteras y atravesar grandes superficies poco favorables para su desarrollo y supervivencia.</p>
<p>En la Declaración Universal por los derechos del Animal, aprobada por la Organización de Naciones Unidas (ONU), se nos recuerda que <em>«</em><em>todo animal perteneciente a una especie salvaje, tiene derecho a vivir en libertad en su propio ambiente natural terrestre, aéreo o acuático y a reproducirse»</em> (artículo 4).</p>
<p>&nbsp;</p>

<!-- This site is optimized with the Yoast SEO plugin v20.6 - https://yoast.com/wordpress/plugins/seo/ -->
<title>L - L&#039;alfabet dels nous temps</title>
<meta name="description" content="Lletra L. Il.lustració i escriptura es barrejen realitzant una cuidada mirada a determinats termes de carácter sostenible." />
<meta name="robots" content="index, follow, max-snippet:-1, max-image-preview:large, max-video-preview:-1" />
<link rel="canonical" href="https://repensarelfutur.dival.es/es/alfabet-dels-nous-temps/lletra/l/" />
<meta property="og:locale" content="es_ES" />
<meta property="og:type" content="article" />
<meta property="og:title" content="L - L&#039;alfabet dels nous temps" />
<meta property="og:description" content="Lletra L. Il.lustració i escriptura es barrejen realitzant una cuidada mirada a determinats termes de carácter sostenible." />
<meta property="og:url" content="https://repensarelfutur.dival.es/es/alfabet-dels-nous-temps/lletra/l/" />
<meta property="og:site_name" content="Repensar el futuro" />
<meta property="article:modified_time" content="2021-03-24T17:01:07+00:00" />
<meta property="og:image" content="https://repensarelfutur.dival.es/wp-content/uploads/2020/12/l.jpg" />
	<meta property="og:image:width" content="600" />
	<meta property="og:image:height" content="780" />
	<meta property="og:image:type" content="image/jpeg" />
<meta name="twitter:card" content="summary_large_image" />
<meta name="twitter:label1" content="Tiempo de lectura" />
	<meta name="twitter:data1" content="1 minuto" />
<script type="application/ld+json" class="yoast-schema-graph">{"@context":"https://schema.org","@graph":[{"@type":"WebPage","@id":"https://repensarelfutur.dival.es/es/alfabet-dels-nous-temps/lletra/l/","url":"https://repensarelfutur.dival.es/es/alfabet-dels-nous-temps/lletra/l/","name":"L - L'alfabet dels nous temps","isPartOf":{"@id":"https://repensarelfutur.dival.es/#website"},"datePublished":"2020-12-02T12:10:35+00:00","dateModified":"2021-03-24T17:01:07+00:00","description":"Lletra L. Il.lustració i escriptura es barrejen realitzant una cuidada mirada a determinats termes de carácter sostenible.","breadcrumb":{"@id":"https://repensarelfutur.dival.es/es/alfabet-dels-nous-temps/lletra/l/#breadcrumb"},"inLanguage":"es","potentialAction":[{"@type":"ReadAction","target":["https://repensarelfutur.dival.es/es/alfabet-dels-nous-temps/lletra/l/"]}]},{"@type":"BreadcrumbList","@id":"https://repensarelfutur.dival.es/es/alfabet-dels-nous-temps/lletra/l/#breadcrumb","itemListElement":[{"@type":"ListItem","position":1,"name":"Home","item":"https://repensarelfutur.dival.es/es/"},{"@type":"ListItem","position":2,"name":"L"}]},{"@type":"WebSite","@id":"https://repensarelfutur.dival.es/#website","url":"https://repensarelfutur.dival.es/","name":"Repensar el futuro","description":"Recursos educatius online de la Diputació de València","publisher":{"@id":"https://repensarelfutur.dival.es/#organization"},"potentialAction":[{"@type":"SearchAction","target":{"@type":"EntryPoint","urlTemplate":"https://repensarelfutur.dival.es/?s={search_term_string}"},"query-input":"required name=search_term_string"}],"inLanguage":"es"},{"@type":"Organization","@id":"https://repensarelfutur.dival.es/#organization","name":"Diputació de València","url":"https://repensarelfutur.dival.es/","logo":{"@type":"ImageObject","inLanguage":"es","@id":"https://repensarelfutur.dival.es/#/schema/logo/image/","url":"https://repensarelfutur.dival.es/wp-content/uploads/2021/03/repensar.png","contentUrl":"https://repensarelfutur.dival.es/wp-content/uploads/2021/03/repensar.png","width":841,"height":405,"caption":"Diputació de València"},"image":{"@id":"https://repensarelfutur.dival.es/#/schema/logo/image/"}}]}</script>
<!-- / Yoast SEO plugin. -->

Lletra L. Il.lustració i escriptura es barrejen realitzant una cuidada mirada a determinats termes de carácter sostenible.

Recursos educatius online de la Diputació de València

Diputació de València
