{"id":1018,"date":"2020-12-02T12:47:18","date_gmt":"2020-12-02T11:47:18","guid":{"rendered":"http:\/\/repensarelfutur.dival.es\/alfabet-dels-nous-temps\/lletra\/f\/"},"modified":"2021-03-17T11:03:48","modified_gmt":"2021-03-17T10:03:48","slug":"f","status":"publish","type":"letra","link":"https:\/\/repensarelfutur.dival.es\/es\/alfabet-dels-nous-temps\/lletra\/f\/","title":{"rendered":"F"},"content":{"rendered":"<h1><span class=\"fontstyle0\">F\u00e1bula \/ <\/span><span class=\"fontstyle0\">Fitoplancton\u00a0<\/span><\/h1>\n<p>&nbsp;<\/p>\n<p><span class=\"fontstyle3\"><strong>F\u00e1bula: <\/strong>composici\u00f3n literaria de car\u00e1cter narrativo, generalmente breve y en verso, cuyos personajes suelen ser animales, y en la que se desarrolla una ficci\u00f3n con la que se pretende dar una ense\u00f1anza \u00fatil o moral, frecuentemente sintetizada en una moraleja.<\/span><\/p>\n<p><span class=\"fontstyle3\"><strong>Fitoplancton: <\/strong>a<\/span>lgas unicelulares y cianobacterias fotosint\u00e9ticas que se encuentran flotando en los 200 primeros metros de profundidad. Son microorganismos aut\u00f3trofos\u00a0 que producen entre 50 y el 85% de 0<sub>2<\/sub> que se libera a la atm\u00f3sfera cada a\u00f1o. El fitoplancton genera al menos la mitad del ox\u00edgeno que respiramos y retira a su vez el CO<sub>2<\/sub> que ser\u00e1 transformado para poder ser utilizado por otros organismos vivos (<em>National Geografic<\/em>).<\/p>\n<p>&nbsp;<\/p>\n<hr \/>\n<p>&nbsp;<\/p>\n<p><span class=\"fontstyle2\"><strong>El na\u00fafrago y el mar <\/strong>(f\u00e1bula cl\u00e1sica atribuida a Esopo).\u00a0 <\/span><\/p>\n<p><span class=\"fontstyle3\">Cierta vez, un n\u00e1ufrago fue arrojado a las orillas de una playa tras hundirse su barco. Al llegar, se qued\u00f3 dormido por la fatiga, pero no tard\u00f3 mucho en despertarse, y al ver al mar, le recrimin\u00f3 por seducir a los hombres con su apariencia tranquila, para despu\u00e9s que hayan embarcado sobre sus aguas, se enfurezca y los haga perecer.<\/span><\/p>\n<p><span class=\"fontstyle3\">El mar, al o\u00edr esto, se acerc\u00f3 a \u00e9l, y le dijo:<\/span><\/p>\n<blockquote>\n<p style=\"text-align: center;\"><span class=\"fontstyle3\">\u00abNo es a m\u00ed sino a los vientos a quienes debes dirigir tus reproches amigo m\u00edo. Porque yo soy tal como me ves ahora, y son los vientos los que lanz\u00e1ndose sobre m\u00ed inesperadamente, me levanta y enfurece.<\/span>\u00bb<\/p>\n<\/blockquote>\n<p><span class=\"fontstyle3\"><strong>Moraleja: <\/strong><\/span>nunca hagamos responsable de una injusticia a su ejecutor cuando act\u00faa por orden de otros, sino a quienes tienen autoridad sobre \u00e9l.<\/p>\n<p>&nbsp;<\/p>\n","protected":false},"featured_media":3124,"template":"","yoast_head":"<!-- This site is optimized with the Yoast SEO plugin v20.6 - https:\/\/yoast.com\/wordpress\/plugins\/seo\/ -->\n<title>F - L&#039;alfabet dels nous temps<\/title>\n<meta name=\"description\" content=\"Lletra F. Il.lustraci\u00f3 i escriptura es barrejen realitzant una cuidada mirada a determinats termes de car\u00e1cter sostenible.\" \/>\n<meta name=\"robots\" content=\"index, follow, max-snippet:-1, max-image-preview:large, max-video-preview:-1\" \/>\n<link rel=\"canonical\" href=\"https:\/\/repensarelfutur.dival.es\/es\/alfabet-dels-nous-temps\/lletra\/f\/\" \/>\n<meta property=\"og:locale\" content=\"es_ES\" \/>\n<meta property=\"og:type\" content=\"article\" \/>\n<meta property=\"og:title\" content=\"F - L&#039;alfabet dels nous temps\" \/>\n<meta property=\"og:description\" content=\"Lletra F. Il.lustraci\u00f3 i escriptura es barrejen realitzant una cuidada mirada a determinats termes de car\u00e1cter sostenible.\" \/>\n<meta property=\"og:url\" content=\"https:\/\/repensarelfutur.dival.es\/es\/alfabet-dels-nous-temps\/lletra\/f\/\" \/>\n<meta property=\"og:site_name\" content=\"Repensar el futuro\" \/>\n<meta property=\"article:modified_time\" content=\"2021-03-17T10:03:48+00:00\" \/>\n<meta property=\"og:image\" content=\"https:\/\/repensarelfutur.dival.es\/wp-content\/uploads\/2020\/11\/f-scaled.jpg\" \/>\n\t<meta property=\"og:image:width\" content=\"1969\" \/>\n\t<meta property=\"og:image:height\" content=\"2560\" \/>\n\t<meta property=\"og:image:type\" content=\"image\/jpeg\" \/>\n<meta name=\"twitter:card\" content=\"summary_large_image\" \/>\n<meta name=\"twitter:label1\" content=\"Tiempo de lectura\" \/>\n\t<meta name=\"twitter:data1\" content=\"1 minuto\" \/>\n<script type=\"application\/ld+json\" class=\"yoast-schema-graph\">{\"@context\":\"https:\/\/schema.org\",\"@graph\":[{\"@type\":\"WebPage\",\"@id\":\"https:\/\/repensarelfutur.dival.es\/es\/alfabet-dels-nous-temps\/lletra\/f\/\",\"url\":\"https:\/\/repensarelfutur.dival.es\/es\/alfabet-dels-nous-temps\/lletra\/f\/\",\"name\":\"F - L'alfabet dels nous temps\",\"isPartOf\":{\"@id\":\"https:\/\/repensarelfutur.dival.es\/#website\"},\"datePublished\":\"2020-12-02T11:47:18+00:00\",\"dateModified\":\"2021-03-17T10:03:48+00:00\",\"description\":\"Lletra F. Il.lustraci\u00f3 i escriptura es barrejen realitzant una cuidada mirada a determinats termes de car\u00e1cter sostenible.\",\"breadcrumb\":{\"@id\":\"https:\/\/repensarelfutur.dival.es\/es\/alfabet-dels-nous-temps\/lletra\/f\/#breadcrumb\"},\"inLanguage\":\"es\",\"potentialAction\":[{\"@type\":\"ReadAction\",\"target\":[\"https:\/\/repensarelfutur.dival.es\/es\/alfabet-dels-nous-temps\/lletra\/f\/\"]}]},{\"@type\":\"BreadcrumbList\",\"@id\":\"https:\/\/repensarelfutur.dival.es\/es\/alfabet-dels-nous-temps\/lletra\/f\/#breadcrumb\",\"itemListElement\":[{\"@type\":\"ListItem\",\"position\":1,\"name\":\"Home\",\"item\":\"https:\/\/repensarelfutur.dival.es\/es\/\"},{\"@type\":\"ListItem\",\"position\":2,\"name\":\"F\"}]},{\"@type\":\"WebSite\",\"@id\":\"https:\/\/repensarelfutur.dival.es\/#website\",\"url\":\"https:\/\/repensarelfutur.dival.es\/\",\"name\":\"Repensar el futuro\",\"description\":\"Recursos educatius online de la Diputaci\u00f3 de Val\u00e8ncia\",\"publisher\":{\"@id\":\"https:\/\/repensarelfutur.dival.es\/#organization\"},\"potentialAction\":[{\"@type\":\"SearchAction\",\"target\":{\"@type\":\"EntryPoint\",\"urlTemplate\":\"https:\/\/repensarelfutur.dival.es\/?s={search_term_string}\"},\"query-input\":\"required name=search_term_string\"}],\"inLanguage\":\"es\"},{\"@type\":\"Organization\",\"@id\":\"https:\/\/repensarelfutur.dival.es\/#organization\",\"name\":\"Diputaci\u00f3 de Val\u00e8ncia\",\"url\":\"https:\/\/repensarelfutur.dival.es\/\",\"logo\":{\"@type\":\"ImageObject\",\"inLanguage\":\"es\",\"@id\":\"https:\/\/repensarelfutur.dival.es\/#\/schema\/logo\/image\/\",\"url\":\"https:\/\/repensarelfutur.dival.es\/wp-content\/uploads\/2021\/03\/repensar.png\",\"contentUrl\":\"https:\/\/repensarelfutur.dival.es\/wp-content\/uploads\/2021\/03\/repensar.png\",\"width\":841,\"height\":405,\"caption\":\"Diputaci\u00f3 de Val\u00e8ncia\"},\"image\":{\"@id\":\"https:\/\/repensarelfutur.dival.es\/#\/schema\/logo\/image\/\"}}]}<\/script>\n<!-- \/ Yoast SEO plugin. -->","yoast_head_json":{"title":"F - L'alfabet dels nous temps","description":"Lletra F. Il.lustraci\u00f3 i escriptura es barrejen realitzant una cuidada mirada a determinats termes de car\u00e1cter sostenible.","robots":{"index":"index","follow":"follow","max-snippet":"max-snippet:-1","max-image-preview":"max-image-preview:large","max-video-preview":"max-video-preview:-1"},"canonical":"https:\/\/repensarelfutur.dival.es\/es\/alfabet-dels-nous-temps\/lletra\/f\/","og_locale":"es_ES","og_type":"article","og_title":"F - L'alfabet dels nous temps","og_description":"Lletra F. Il.lustraci\u00f3 i escriptura es barrejen realitzant una cuidada mirada a determinats termes de car\u00e1cter sostenible.","og_url":"https:\/\/repensarelfutur.dival.es\/es\/alfabet-dels-nous-temps\/lletra\/f\/","og_site_name":"Repensar el futuro","article_modified_time":"2021-03-17T10:03:48+00:00","og_image":[{"width":1969,"height":2560,"url":"https:\/\/repensarelfutur.dival.es\/wp-content\/uploads\/2020\/11\/f-scaled.jpg","type":"image\/jpeg"}],"twitter_card":"summary_large_image","twitter_misc":{"Tiempo de lectura":"1 minuto"},"schema":{"@context":"https:\/\/schema.org","@graph":[{"@type":"WebPage","@id":"https:\/\/repensarelfutur.dival.es\/es\/alfabet-dels-nous-temps\/lletra\/f\/","url":"https:\/\/repensarelfutur.dival.es\/es\/alfabet-dels-nous-temps\/lletra\/f\/","name":"F - L'alfabet dels nous temps","isPartOf":{"@id":"https:\/\/repensarelfutur.dival.es\/#website"},"datePublished":"2020-12-02T11:47:18+00:00","dateModified":"2021-03-17T10:03:48+00:00","description":"Lletra F. Il.lustraci\u00f3 i escriptura es barrejen realitzant una cuidada mirada a determinats termes de car\u00e1cter sostenible.","breadcrumb":{"@id":"https:\/\/repensarelfutur.dival.es\/es\/alfabet-dels-nous-temps\/lletra\/f\/#breadcrumb"},"inLanguage":"es","potentialAction":[{"@type":"ReadAction","target":["https:\/\/repensarelfutur.dival.es\/es\/alfabet-dels-nous-temps\/lletra\/f\/"]}]},{"@type":"BreadcrumbList","@id":"https:\/\/repensarelfutur.dival.es\/es\/alfabet-dels-nous-temps\/lletra\/f\/#breadcrumb","itemListElement":[{"@type":"ListItem","position":1,"name":"Home","item":"https:\/\/repensarelfutur.dival.es\/es\/"},{"@type":"ListItem","position":2,"name":"F"}]},{"@type":"WebSite","@id":"https:\/\/repensarelfutur.dival.es\/#website","url":"https:\/\/repensarelfutur.dival.es\/","name":"Repensar el futuro","description":"Recursos educatius online de la Diputaci\u00f3 de Val\u00e8ncia","publisher":{"@id":"https:\/\/repensarelfutur.dival.es\/#organization"},"potentialAction":[{"@type":"SearchAction","target":{"@type":"EntryPoint","urlTemplate":"https:\/\/repensarelfutur.dival.es\/?s={search_term_string}"},"query-input":"required name=search_term_string"}],"inLanguage":"es"},{"@type":"Organization","@id":"https:\/\/repensarelfutur.dival.es\/#organization","name":"Diputaci\u00f3 de Val\u00e8ncia","url":"https:\/\/repensarelfutur.dival.es\/","logo":{"@type":"ImageObject","inLanguage":"es","@id":"https:\/\/repensarelfutur.dival.es\/#\/schema\/logo\/image\/","url":"https:\/\/repensarelfutur.dival.es\/wp-content\/uploads\/2021\/03\/repensar.png","contentUrl":"https:\/\/repensarelfutur.dival.es\/wp-content\/uploads\/2021\/03\/repensar.png","width":841,"height":405,"caption":"Diputaci\u00f3 de Val\u00e8ncia"},"image":{"@id":"https:\/\/repensarelfutur.dival.es\/#\/schema\/logo\/image\/"}}]}},"_links":{"self":[{"href":"https:\/\/repensarelfutur.dival.es\/es\/wp-json\/wp\/v2\/letra\/1018"}],"collection":[{"href":"https:\/\/repensarelfutur.dival.es\/es\/wp-json\/wp\/v2\/letra"}],"about":[{"href":"https:\/\/repensarelfutur.dival.es\/es\/wp-json\/wp\/v2\/types\/letra"}],"wp:featuredmedia":[{"embeddable":true,"href":"https:\/\/repensarelfutur.dival.es\/es\/wp-json\/wp\/v2\/media\/3124"}],"wp:attachment":[{"href":"https:\/\/repensarelfutur.dival.es\/es\/wp-json\/wp\/v2\/media?parent=1018"}],"curies":[{"name":"wp","href":"https:\/\/api.w.org\/{rel}","templated":true}]}}

<h1><span class="fontstyle0">Fábula / </span><span class="fontstyle0">Fitoplancton </span></h1>
<p>&nbsp;</p>
<p><span class="fontstyle3"><strong>Fábula: </strong>composición literaria de carácter narrativo, generalmente breve y en verso, cuyos personajes suelen ser animales, y en la que se desarrolla una ficción con la que se pretende dar una enseñanza útil o moral, frecuentemente sintetizada en una moraleja.</span></p>
<p><span class="fontstyle3"><strong>Fitoplancton: </strong>a</span>lgas unicelulares y cianobacterias fotosintéticas que se encuentran flotando en los 200 primeros metros de profundidad. Son microorganismos autótrofos  que producen entre 50 y el 85% de 0<sub>2</sub> que se libera a la atmósfera cada año. El fitoplancton genera al menos la mitad del oxígeno que respiramos y retira a su vez el CO<sub>2</sub> que será transformado para poder ser utilizado por otros organismos vivos (<em>National Geografic</em>).</p>
<p>&nbsp;</p>
<hr />
<p>&nbsp;</p>
<p><span class="fontstyle2"><strong>El naúfrago y el mar </strong>(fábula clásica atribuida a Esopo).  </span></p>
<p><span class="fontstyle3">Cierta vez, un náufrago fue arrojado a las orillas de una playa tras hundirse su barco. Al llegar, se quedó dormido por la fatiga, pero no tardó mucho en despertarse, y al ver al mar, le recriminó por seducir a los hombres con su apariencia tranquila, para después que hayan embarcado sobre sus aguas, se enfurezca y los haga perecer.</span></p>
<p><span class="fontstyle3">El mar, al oír esto, se acercó a él, y le dijo:</span></p>
<blockquote>
<p style="text-align: center;"><span class="fontstyle3">«No es a mí sino a los vientos a quienes debes dirigir tus reproches amigo mío. Porque yo soy tal como me ves ahora, y son los vientos los que lanzándose sobre mí inesperadamente, me levanta y enfurece.</span>»</p>
</blockquote>
<p><span class="fontstyle3"><strong>Moraleja: </strong></span>nunca hagamos responsable de una injusticia a su ejecutor cuando actúa por orden de otros, sino a quienes tienen autoridad sobre él.</p>
<p>&nbsp;</p>

<!-- This site is optimized with the Yoast SEO plugin v20.6 - https://yoast.com/wordpress/plugins/seo/ -->
<title>F - L&#039;alfabet dels nous temps</title>
<meta name="description" content="Lletra F. Il.lustració i escriptura es barrejen realitzant una cuidada mirada a determinats termes de carácter sostenible." />
<meta name="robots" content="index, follow, max-snippet:-1, max-image-preview:large, max-video-preview:-1" />
<link rel="canonical" href="https://repensarelfutur.dival.es/es/alfabet-dels-nous-temps/lletra/f/" />
<meta property="og:locale" content="es_ES" />
<meta property="og:type" content="article" />
<meta property="og:title" content="F - L&#039;alfabet dels nous temps" />
<meta property="og:description" content="Lletra F. Il.lustració i escriptura es barrejen realitzant una cuidada mirada a determinats termes de carácter sostenible." />
<meta property="og:url" content="https://repensarelfutur.dival.es/es/alfabet-dels-nous-temps/lletra/f/" />
<meta property="og:site_name" content="Repensar el futuro" />
<meta property="article:modified_time" content="2021-03-17T10:03:48+00:00" />
<meta property="og:image" content="https://repensarelfutur.dival.es/wp-content/uploads/2020/11/f-scaled.jpg" />
	<meta property="og:image:width" content="1969" />
	<meta property="og:image:height" content="2560" />
	<meta property="og:image:type" content="image/jpeg" />
<meta name="twitter:card" content="summary_large_image" />
<meta name="twitter:label1" content="Tiempo de lectura" />
	<meta name="twitter:data1" content="1 minuto" />
<script type="application/ld+json" class="yoast-schema-graph">{"@context":"https://schema.org","@graph":[{"@type":"WebPage","@id":"https://repensarelfutur.dival.es/es/alfabet-dels-nous-temps/lletra/f/","url":"https://repensarelfutur.dival.es/es/alfabet-dels-nous-temps/lletra/f/","name":"F - L'alfabet dels nous temps","isPartOf":{"@id":"https://repensarelfutur.dival.es/#website"},"datePublished":"2020-12-02T11:47:18+00:00","dateModified":"2021-03-17T10:03:48+00:00","description":"Lletra F. Il.lustració i escriptura es barrejen realitzant una cuidada mirada a determinats termes de carácter sostenible.","breadcrumb":{"@id":"https://repensarelfutur.dival.es/es/alfabet-dels-nous-temps/lletra/f/#breadcrumb"},"inLanguage":"es","potentialAction":[{"@type":"ReadAction","target":["https://repensarelfutur.dival.es/es/alfabet-dels-nous-temps/lletra/f/"]}]},{"@type":"BreadcrumbList","@id":"https://repensarelfutur.dival.es/es/alfabet-dels-nous-temps/lletra/f/#breadcrumb","itemListElement":[{"@type":"ListItem","position":1,"name":"Home","item":"https://repensarelfutur.dival.es/es/"},{"@type":"ListItem","position":2,"name":"F"}]},{"@type":"WebSite","@id":"https://repensarelfutur.dival.es/#website","url":"https://repensarelfutur.dival.es/","name":"Repensar el futuro","description":"Recursos educatius online de la Diputació de València","publisher":{"@id":"https://repensarelfutur.dival.es/#organization"},"potentialAction":[{"@type":"SearchAction","target":{"@type":"EntryPoint","urlTemplate":"https://repensarelfutur.dival.es/?s={search_term_string}"},"query-input":"required name=search_term_string"}],"inLanguage":"es"},{"@type":"Organization","@id":"https://repensarelfutur.dival.es/#organization","name":"Diputació de València","url":"https://repensarelfutur.dival.es/","logo":{"@type":"ImageObject","inLanguage":"es","@id":"https://repensarelfutur.dival.es/#/schema/logo/image/","url":"https://repensarelfutur.dival.es/wp-content/uploads/2021/03/repensar.png","contentUrl":"https://repensarelfutur.dival.es/wp-content/uploads/2021/03/repensar.png","width":841,"height":405,"caption":"Diputació de València"},"image":{"@id":"https://repensarelfutur.dival.es/#/schema/logo/image/"}}]}</script>
<!-- / Yoast SEO plugin. -->

Lletra F. Il.lustració i escriptura es barrejen realitzant una cuidada mirada a determinats termes de carácter sostenible.

Recursos educatius online de la Diputació de València

Diputació de València
