{"id":1006,"date":"2020-12-02T12:32:18","date_gmt":"2020-12-02T11:32:18","guid":{"rendered":"http:\/\/repensarelfutur.dival.es\/alfabet-dels-nous-temps\/lletra\/e\/"},"modified":"2021-03-17T11:03:26","modified_gmt":"2021-03-17T10:03:26","slug":"e","status":"publish","type":"letra","link":"https:\/\/repensarelfutur.dival.es\/es\/alfabet-dels-nous-temps\/lletra\/e\/","title":{"rendered":"E"},"content":{"rendered":"<h1><span class=\"fontstyle0\">Equilibrio \/ <\/span><span class=\"fontstyle0\">Educaci\u00f3n ambiental\u00a0<\/span><\/h1>\n<p>&nbsp;<\/p>\n<p><span class=\"fontstyle3\"><strong>Equilibrio: <\/strong><\/span>estado de un cuerpo sometido a dos o ma\u0301s fuerzas, que se contrarrestan. Armoni\u0301a entre cosas diversas.<\/p>\n<p><span class=\"fontstyle3\"><strong>Educaci\u00f3n ambiental: <\/strong><\/span>proceso de ensen\u0303anza-aprendizaje dirigido a adquirir conciencia y pautas de relacio\u0301n saludables con el entorno.<\/p>\n<p>&nbsp;<\/p>\n<hr \/>\n<p>&nbsp;<\/p>\n<div class=\"page\" title=\"Page 6\">\n<div class=\"layoutArea\">\n<div class=\"column\">\n<blockquote>\n<p style=\"text-align: center;\"><em>\u00abLa educacio\u0301n ambiental es la herramienta para llegar al fin, que es el equilibrio.\u00bb<\/em><\/p>\n<\/blockquote>\n<\/div>\n<\/div>\n<h5><strong>Ruth Mart\u00ednez Rocamora<\/strong> ( Lic. en Ciencias Biol\u00f3gicas, Diplomada en Magisterio y T\u00e9cnica en Educaci\u00f3n Infantil)<\/h5>\n<p>El t\u00e9rmino <em>educaci\u00f3n ambiental <\/em>no existe au\u0301n en nuestro DLE, pero cada vez ma\u0301s voces reclaman que la ecologi\u0301a, como ciencia, forma parte transversal de nuestras materias educativas. Hasta los an\u0303os 80 del siglo XX, algunos cienti\u0301ficos sosteni\u0301an la teori\u0301a de que la naturaleza estaba en constante equilibrio. Y esa teori\u0301a resulta incompleta. Hoy sabemos que la naturaleza esta\u0301 en un equilibrio dina\u0301mico. Por eso la accio\u0301n humana sera\u0301 necesaria en las iniciativas para combatir el cambio clima\u0301tico. Comencemos por la educacio\u0301n: educacio\u0301n para la accio\u0301n.<\/p>\n<p>&nbsp;<\/p>\n<\/div>\n","protected":false},"featured_media":3122,"template":"","yoast_head":"<!-- This site is optimized with the Yoast SEO plugin v20.6 - https:\/\/yoast.com\/wordpress\/plugins\/seo\/ -->\n<title>E - L&#039;alfabet dels nous temps<\/title>\n<meta name=\"description\" content=\"Lletra E. Il.lustraci\u00f3 i escriptura es barrejen realitzant una cuidada mirada a determinats termes de car\u00e1cter sostenible.\" \/>\n<meta name=\"robots\" content=\"index, follow, max-snippet:-1, max-image-preview:large, max-video-preview:-1\" \/>\n<link rel=\"canonical\" href=\"https:\/\/repensarelfutur.dival.es\/es\/alfabet-dels-nous-temps\/lletra\/e\/\" \/>\n<meta property=\"og:locale\" content=\"es_ES\" \/>\n<meta property=\"og:type\" content=\"article\" \/>\n<meta property=\"og:title\" content=\"E - L&#039;alfabet dels nous temps\" \/>\n<meta property=\"og:description\" content=\"Lletra E. Il.lustraci\u00f3 i escriptura es barrejen realitzant una cuidada mirada a determinats termes de car\u00e1cter sostenible.\" \/>\n<meta property=\"og:url\" content=\"https:\/\/repensarelfutur.dival.es\/es\/alfabet-dels-nous-temps\/lletra\/e\/\" \/>\n<meta property=\"og:site_name\" content=\"Repensar el futuro\" \/>\n<meta property=\"article:modified_time\" content=\"2021-03-17T10:03:26+00:00\" \/>\n<meta property=\"og:image\" content=\"https:\/\/repensarelfutur.dival.es\/wp-content\/uploads\/2020\/11\/e-scaled.jpg\" \/>\n\t<meta property=\"og:image:width\" content=\"1969\" \/>\n\t<meta property=\"og:image:height\" content=\"2560\" \/>\n\t<meta property=\"og:image:type\" content=\"image\/jpeg\" \/>\n<meta name=\"twitter:card\" content=\"summary_large_image\" \/>\n<meta name=\"twitter:label1\" content=\"Tiempo de lectura\" \/>\n\t<meta name=\"twitter:data1\" content=\"1 minuto\" \/>\n<script type=\"application\/ld+json\" class=\"yoast-schema-graph\">{\"@context\":\"https:\/\/schema.org\",\"@graph\":[{\"@type\":\"WebPage\",\"@id\":\"https:\/\/repensarelfutur.dival.es\/es\/alfabet-dels-nous-temps\/lletra\/e\/\",\"url\":\"https:\/\/repensarelfutur.dival.es\/es\/alfabet-dels-nous-temps\/lletra\/e\/\",\"name\":\"E - L'alfabet dels nous temps\",\"isPartOf\":{\"@id\":\"https:\/\/repensarelfutur.dival.es\/#website\"},\"datePublished\":\"2020-12-02T11:32:18+00:00\",\"dateModified\":\"2021-03-17T10:03:26+00:00\",\"description\":\"Lletra E. Il.lustraci\u00f3 i escriptura es barrejen realitzant una cuidada mirada a determinats termes de car\u00e1cter sostenible.\",\"breadcrumb\":{\"@id\":\"https:\/\/repensarelfutur.dival.es\/es\/alfabet-dels-nous-temps\/lletra\/e\/#breadcrumb\"},\"inLanguage\":\"es\",\"potentialAction\":[{\"@type\":\"ReadAction\",\"target\":[\"https:\/\/repensarelfutur.dival.es\/es\/alfabet-dels-nous-temps\/lletra\/e\/\"]}]},{\"@type\":\"BreadcrumbList\",\"@id\":\"https:\/\/repensarelfutur.dival.es\/es\/alfabet-dels-nous-temps\/lletra\/e\/#breadcrumb\",\"itemListElement\":[{\"@type\":\"ListItem\",\"position\":1,\"name\":\"Home\",\"item\":\"https:\/\/repensarelfutur.dival.es\/es\/\"},{\"@type\":\"ListItem\",\"position\":2,\"name\":\"E\"}]},{\"@type\":\"WebSite\",\"@id\":\"https:\/\/repensarelfutur.dival.es\/#website\",\"url\":\"https:\/\/repensarelfutur.dival.es\/\",\"name\":\"Repensar el futuro\",\"description\":\"Recursos educatius online de la Diputaci\u00f3 de Val\u00e8ncia\",\"publisher\":{\"@id\":\"https:\/\/repensarelfutur.dival.es\/#organization\"},\"potentialAction\":[{\"@type\":\"SearchAction\",\"target\":{\"@type\":\"EntryPoint\",\"urlTemplate\":\"https:\/\/repensarelfutur.dival.es\/?s={search_term_string}\"},\"query-input\":\"required name=search_term_string\"}],\"inLanguage\":\"es\"},{\"@type\":\"Organization\",\"@id\":\"https:\/\/repensarelfutur.dival.es\/#organization\",\"name\":\"Diputaci\u00f3 de Val\u00e8ncia\",\"url\":\"https:\/\/repensarelfutur.dival.es\/\",\"logo\":{\"@type\":\"ImageObject\",\"inLanguage\":\"es\",\"@id\":\"https:\/\/repensarelfutur.dival.es\/#\/schema\/logo\/image\/\",\"url\":\"https:\/\/repensarelfutur.dival.es\/wp-content\/uploads\/2021\/03\/repensar.png\",\"contentUrl\":\"https:\/\/repensarelfutur.dival.es\/wp-content\/uploads\/2021\/03\/repensar.png\",\"width\":841,\"height\":405,\"caption\":\"Diputaci\u00f3 de Val\u00e8ncia\"},\"image\":{\"@id\":\"https:\/\/repensarelfutur.dival.es\/#\/schema\/logo\/image\/\"}}]}<\/script>\n<!-- \/ Yoast SEO plugin. -->","yoast_head_json":{"title":"E - L'alfabet dels nous temps","description":"Lletra E. Il.lustraci\u00f3 i escriptura es barrejen realitzant una cuidada mirada a determinats termes de car\u00e1cter sostenible.","robots":{"index":"index","follow":"follow","max-snippet":"max-snippet:-1","max-image-preview":"max-image-preview:large","max-video-preview":"max-video-preview:-1"},"canonical":"https:\/\/repensarelfutur.dival.es\/es\/alfabet-dels-nous-temps\/lletra\/e\/","og_locale":"es_ES","og_type":"article","og_title":"E - L'alfabet dels nous temps","og_description":"Lletra E. Il.lustraci\u00f3 i escriptura es barrejen realitzant una cuidada mirada a determinats termes de car\u00e1cter sostenible.","og_url":"https:\/\/repensarelfutur.dival.es\/es\/alfabet-dels-nous-temps\/lletra\/e\/","og_site_name":"Repensar el futuro","article_modified_time":"2021-03-17T10:03:26+00:00","og_image":[{"width":1969,"height":2560,"url":"https:\/\/repensarelfutur.dival.es\/wp-content\/uploads\/2020\/11\/e-scaled.jpg","type":"image\/jpeg"}],"twitter_card":"summary_large_image","twitter_misc":{"Tiempo de lectura":"1 minuto"},"schema":{"@context":"https:\/\/schema.org","@graph":[{"@type":"WebPage","@id":"https:\/\/repensarelfutur.dival.es\/es\/alfabet-dels-nous-temps\/lletra\/e\/","url":"https:\/\/repensarelfutur.dival.es\/es\/alfabet-dels-nous-temps\/lletra\/e\/","name":"E - L'alfabet dels nous temps","isPartOf":{"@id":"https:\/\/repensarelfutur.dival.es\/#website"},"datePublished":"2020-12-02T11:32:18+00:00","dateModified":"2021-03-17T10:03:26+00:00","description":"Lletra E. Il.lustraci\u00f3 i escriptura es barrejen realitzant una cuidada mirada a determinats termes de car\u00e1cter sostenible.","breadcrumb":{"@id":"https:\/\/repensarelfutur.dival.es\/es\/alfabet-dels-nous-temps\/lletra\/e\/#breadcrumb"},"inLanguage":"es","potentialAction":[{"@type":"ReadAction","target":["https:\/\/repensarelfutur.dival.es\/es\/alfabet-dels-nous-temps\/lletra\/e\/"]}]},{"@type":"BreadcrumbList","@id":"https:\/\/repensarelfutur.dival.es\/es\/alfabet-dels-nous-temps\/lletra\/e\/#breadcrumb","itemListElement":[{"@type":"ListItem","position":1,"name":"Home","item":"https:\/\/repensarelfutur.dival.es\/es\/"},{"@type":"ListItem","position":2,"name":"E"}]},{"@type":"WebSite","@id":"https:\/\/repensarelfutur.dival.es\/#website","url":"https:\/\/repensarelfutur.dival.es\/","name":"Repensar el futuro","description":"Recursos educatius online de la Diputaci\u00f3 de Val\u00e8ncia","publisher":{"@id":"https:\/\/repensarelfutur.dival.es\/#organization"},"potentialAction":[{"@type":"SearchAction","target":{"@type":"EntryPoint","urlTemplate":"https:\/\/repensarelfutur.dival.es\/?s={search_term_string}"},"query-input":"required name=search_term_string"}],"inLanguage":"es"},{"@type":"Organization","@id":"https:\/\/repensarelfutur.dival.es\/#organization","name":"Diputaci\u00f3 de Val\u00e8ncia","url":"https:\/\/repensarelfutur.dival.es\/","logo":{"@type":"ImageObject","inLanguage":"es","@id":"https:\/\/repensarelfutur.dival.es\/#\/schema\/logo\/image\/","url":"https:\/\/repensarelfutur.dival.es\/wp-content\/uploads\/2021\/03\/repensar.png","contentUrl":"https:\/\/repensarelfutur.dival.es\/wp-content\/uploads\/2021\/03\/repensar.png","width":841,"height":405,"caption":"Diputaci\u00f3 de Val\u00e8ncia"},"image":{"@id":"https:\/\/repensarelfutur.dival.es\/#\/schema\/logo\/image\/"}}]}},"_links":{"self":[{"href":"https:\/\/repensarelfutur.dival.es\/es\/wp-json\/wp\/v2\/letra\/1006"}],"collection":[{"href":"https:\/\/repensarelfutur.dival.es\/es\/wp-json\/wp\/v2\/letra"}],"about":[{"href":"https:\/\/repensarelfutur.dival.es\/es\/wp-json\/wp\/v2\/types\/letra"}],"wp:featuredmedia":[{"embeddable":true,"href":"https:\/\/repensarelfutur.dival.es\/es\/wp-json\/wp\/v2\/media\/3122"}],"wp:attachment":[{"href":"https:\/\/repensarelfutur.dival.es\/es\/wp-json\/wp\/v2\/media?parent=1006"}],"curies":[{"name":"wp","href":"https:\/\/api.w.org\/{rel}","templated":true}]}}

<h1><span class="fontstyle0">Equilibrio / </span><span class="fontstyle0">Educación ambiental </span></h1>
<p>&nbsp;</p>
<p><span class="fontstyle3"><strong>Equilibrio: </strong></span>estado de un cuerpo sometido a dos o más fuerzas, que se contrarrestan. Armonía entre cosas diversas.</p>
<p><span class="fontstyle3"><strong>Educación ambiental: </strong></span>proceso de enseñanza-aprendizaje dirigido a adquirir conciencia y pautas de relación saludables con el entorno.</p>
<p>&nbsp;</p>
<hr />
<p>&nbsp;</p>
<div class="page" title="Page 6">
<div class="layoutArea">
<div class="column">
<blockquote>
<p style="text-align: center;"><em>«La educación ambiental es la herramienta para llegar al fin, que es el equilibrio.»</em></p>
</blockquote>
</div>
</div>
<h5><strong>Ruth Martínez Rocamora</strong> ( Lic. en Ciencias Biológicas, Diplomada en Magisterio y Técnica en Educación Infantil)</h5>
<p>El término <em>educación ambiental </em>no existe aún en nuestro DLE, pero cada vez más voces reclaman que la ecología, como ciencia, forma parte transversal de nuestras materias educativas. Hasta los años 80 del siglo XX, algunos científicos sostenían la teoría de que la naturaleza estaba en constante equilibrio. Y esa teoría resulta incompleta. Hoy sabemos que la naturaleza está en un equilibrio dinámico. Por eso la acción humana será necesaria en las iniciativas para combatir el cambio climático. Comencemos por la educación: educación para la acción.</p>
<p>&nbsp;</p>
</div>

<!-- This site is optimized with the Yoast SEO plugin v20.6 - https://yoast.com/wordpress/plugins/seo/ -->
<title>E - L&#039;alfabet dels nous temps</title>
<meta name="description" content="Lletra E. Il.lustració i escriptura es barrejen realitzant una cuidada mirada a determinats termes de carácter sostenible." />
<meta name="robots" content="index, follow, max-snippet:-1, max-image-preview:large, max-video-preview:-1" />
<link rel="canonical" href="https://repensarelfutur.dival.es/es/alfabet-dels-nous-temps/lletra/e/" />
<meta property="og:locale" content="es_ES" />
<meta property="og:type" content="article" />
<meta property="og:title" content="E - L&#039;alfabet dels nous temps" />
<meta property="og:description" content="Lletra E. Il.lustració i escriptura es barrejen realitzant una cuidada mirada a determinats termes de carácter sostenible." />
<meta property="og:url" content="https://repensarelfutur.dival.es/es/alfabet-dels-nous-temps/lletra/e/" />
<meta property="og:site_name" content="Repensar el futuro" />
<meta property="article:modified_time" content="2021-03-17T10:03:26+00:00" />
<meta property="og:image" content="https://repensarelfutur.dival.es/wp-content/uploads/2020/11/e-scaled.jpg" />
	<meta property="og:image:width" content="1969" />
	<meta property="og:image:height" content="2560" />
	<meta property="og:image:type" content="image/jpeg" />
<meta name="twitter:card" content="summary_large_image" />
<meta name="twitter:label1" content="Tiempo de lectura" />
	<meta name="twitter:data1" content="1 minuto" />
<script type="application/ld+json" class="yoast-schema-graph">{"@context":"https://schema.org","@graph":[{"@type":"WebPage","@id":"https://repensarelfutur.dival.es/es/alfabet-dels-nous-temps/lletra/e/","url":"https://repensarelfutur.dival.es/es/alfabet-dels-nous-temps/lletra/e/","name":"E - L'alfabet dels nous temps","isPartOf":{"@id":"https://repensarelfutur.dival.es/#website"},"datePublished":"2020-12-02T11:32:18+00:00","dateModified":"2021-03-17T10:03:26+00:00","description":"Lletra E. Il.lustració i escriptura es barrejen realitzant una cuidada mirada a determinats termes de carácter sostenible.","breadcrumb":{"@id":"https://repensarelfutur.dival.es/es/alfabet-dels-nous-temps/lletra/e/#breadcrumb"},"inLanguage":"es","potentialAction":[{"@type":"ReadAction","target":["https://repensarelfutur.dival.es/es/alfabet-dels-nous-temps/lletra/e/"]}]},{"@type":"BreadcrumbList","@id":"https://repensarelfutur.dival.es/es/alfabet-dels-nous-temps/lletra/e/#breadcrumb","itemListElement":[{"@type":"ListItem","position":1,"name":"Home","item":"https://repensarelfutur.dival.es/es/"},{"@type":"ListItem","position":2,"name":"E"}]},{"@type":"WebSite","@id":"https://repensarelfutur.dival.es/#website","url":"https://repensarelfutur.dival.es/","name":"Repensar el futuro","description":"Recursos educatius online de la Diputació de València","publisher":{"@id":"https://repensarelfutur.dival.es/#organization"},"potentialAction":[{"@type":"SearchAction","target":{"@type":"EntryPoint","urlTemplate":"https://repensarelfutur.dival.es/?s={search_term_string}"},"query-input":"required name=search_term_string"}],"inLanguage":"es"},{"@type":"Organization","@id":"https://repensarelfutur.dival.es/#organization","name":"Diputació de València","url":"https://repensarelfutur.dival.es/","logo":{"@type":"ImageObject","inLanguage":"es","@id":"https://repensarelfutur.dival.es/#/schema/logo/image/","url":"https://repensarelfutur.dival.es/wp-content/uploads/2021/03/repensar.png","contentUrl":"https://repensarelfutur.dival.es/wp-content/uploads/2021/03/repensar.png","width":841,"height":405,"caption":"Diputació de València"},"image":{"@id":"https://repensarelfutur.dival.es/#/schema/logo/image/"}}]}</script>
<!-- / Yoast SEO plugin. -->

Lletra E. Il.lustració i escriptura es barrejen realitzant una cuidada mirada a determinats termes de carácter sostenible.

Recursos educatius online de la Diputació de València

Diputació de València
